
48
What is the value of 1 + -7 + (14 - (33 - 84) - -77)?
136
What is the value of 3 + -10 + 20 - (161 - 100)?
-48
Evaluate 8 + (-9 - -26) + (57 + -149 - 22).
-89
Evaluate 42 - ((-48 - 19) + 59).
50
Evaluate -117 - 7 - (-25 + 9 + 41 + -27).
-122
Evaluate 93 + 0 + (-9 - 6) + 0 + 4.
82
Calculate -53 + -25 + (57 - -28).
7
What is the value of (-60 - 9) + (276 - 247) + -12 + 0?
-52
6 + (11 - 1 - (-565 + 566) - -16)
31
What is (4 - (90 - 44)) + 1?
-41
What is the value of -29 + (41 + -44 - (-3 + 22))?
-51
What is the value of -55 + 39 - (8 + -6 + -1 + 5 + -4)?
-18
What is the value of 3 - (6 - 3 - -2 - (-199 + 163))?
-38
What is the value of (1229 - 1148) + (-2 - 80)?
-1
What is (1 + 2 + -8 - -13) + 34 - (2 - 8)?
48
Evaluate 1 - 16 - (-11 + (-121 - -125) + 0 + -6).
-2
Evaluate 47 - 7 - 78 - -10.
-28
What is 0 + 14 + 38 + 34 + (-107 - -35)?
14
What is the value of 12 - (48 + -6 + -10)?
-20
Evaluate 2 + 27 + -7 - (-9 + 2 - 4).
33
What is 14 + 24 + (0 - (21 + -5 + -10))?
32
Calculate 95 + (-88 - -94 - 53).
48
What is the value of -7 + 1 + 14 + 36 + -24 + -39?
-19
Calculate 1 + 0 + 33 - (-37 - ((56 - 23) + -78)).
26
Calculate 29 - ((-27 - -19) + 4 + -5 + 1).
37
(-8 - -1) + -8 + -21 + (10 - 0) + -45
-71
(-39 - -28 - 40) + 7
-44
What is (1 + -21 - -3) + (-856 - -829)?
-44
(7 - (16 - 8)) + (-24 - -43)
18
What is the value of -85 - (-7 + (11 - ((0 - -10) + 11)))?
-68
Evaluate -9 + 15 - 18 - (4 + 17 + 8).
-41
Evaluate -709 - -630 - (-50 - -6).
-35
Calculate (118 - 7) + -135 + 87.
63
Evaluate -1 + -34 - (-28 + -2 - (-3 - 16)).
-24
Evaluate -139 + 111 + -8 + 21.
-15
Calculate 22 + (151 - 0) + -508 + 465.
130
Evaluate (-6307 - -6310) + 19 + 0.
22
What is the value of 23 + -24 + 58 + 0 + 5 + 5?
67
Calculate -3 + (-6 - -21) + -29 + 6.
-11
What is 103 + (-117 - -82) + 8 + (-1 - -7)?
82
Evaluate 2 - (16 + 12 - 21).
-5
Evaluate (12 + -20 - 1 - 98) + (18 - (6 - 0)).
-95
What is -232 - (-241 + -20) - (0 + 99)?
-70
Evaluate -17 - (5 + (-25 - (-9 - 37))).
-43
Evaluate 26 - 2 - ((13 - 70) + 66).
15
What is -36 - -2 - (-15 + 1 - (-3 - -3))?
-20
What is 23 + 40 + -13 + -63 + -42?
-55
Calculate 1 + -75 - ((0 - 3) + (82 - (-80 + 172))).
-61
Calculate 12 + -7 - (-6 + 8 + -9 + 36 + 6).
-30
Evaluate (-94 - -2 - 0) + 1 + (387 - 387).
-91
Evaluate (-1 - -3) + (44 - -29) + 1.
76
Evaluate (4 - 8) + -4 + (41 - 13) - -5.
25
Evaluate -9 + 30 + -33 + ((-1 - 2) + 3 - 1).
-13
Calculate 56 - 16 - (186 - 42) - -3.
-101
Evaluate (288 - 283 - ((1 - -3) + -41)) + (2 - -5).
49
What is (-2 - 21) + 150 + (-51 - 112)?
-36
Calculate -14 - ((89 - 65) + -125).
87
What is the value of 139 + -90 - (23 - 0)?
26
Calculate (2 - -2 - -118) + (18 + 6 - 35).
111
What is the value of -1911 + 1913 + 0 + -60 + 0 + -2?
-60
-3 - 56 - (548 + -567) - (1 - 13)
-28
(-22 - 1) + 124 + -251 - -19
-131
What is 625 + -652 + (-2 - (0 + -1) - (122 - 119))?
-31
What is 59 + 0 - (3641 - 3635)?
53
Calculate -3 - (-23 - (-49 + 13) - (2 - -76)).
62
What is (-70 - -1) + (28 - 32) - (1 - 7)?
-67
Calculate -36 + 63 + 41 - 11.
57
104 + 2 - (24 + (40 - (16 + 32)))
90
(-453 - -423) + 1 + (2 - (-1 - -1 - -8))
-35
What is (58 - (42 + -4)) + -2 + -45?
-27
What is 41 + -2 + 16 + -16 + 4 + -12?
31
Evaluate 11 - (10 + 14 + -2) - 3 - 0.
-14
Evaluate (29 - -7) + -30 - (4 + 0 + 152) - -15.
-135
What is the value of 18 + (-30 + 1 - (-42 - -94 - 44))?
-19
What is the value of -38 + (-88 - -72) + (29 + 6 - 4)?
-23
(-1223 - -1255 - (25 - 4)) + (-1 - -89)
99
-1 + -74 + 37 + 5
-33
(2 - (2 + -2)) + -38 + (-516 - (-227 + -287))
-38
-6 + 12 + -12 - (8 + -3 - 9 - -58)
-60
What is 55 - (-44 - (-31 + -33))?
35
Calculate -23 - -3 - (61 - (-32 - -75)).
-38
What is -24 - 7 - (62 + 17 + -11)?
-99
What is (817 - 980) + 17 + 40?
-106
What is -400 + 421 - (2 + 117) - -29 - (-1 + 10)?
-78
What is the value of 0 + (-1 - (-76 - -118))?
-43
Calculate 85 + (-94 - -43) - -1.
35
Calculate (110 - 123) + 15 + 68 + 11.
81
Calculate -2 + (134 - 135) + (19 - 0).
16
What is the value of (-53 + 3 - (-1 + 3)) + -8 + 5?
-55
Evaluate 198 + (56 - (-102 + 262)).
94
What is the value of 7 + -102 + (114 - 59)?
-40
-1 - (-75 - (-55 + 61 + (4 - 24)))
60
52 + 1 + (134 - 269) + 129
47
What is -18 + (13 - (2 + -11 + -19))?
23
Evaluate -2 - (-1 - 47) - (7 + 8 + 1 - 27).
57
What is 1 + -11 - (48 + (-34 - -30) + 6)?
-60
What is the value of -20 + -2 + 37 + -12 + 0 - -88?
91
What is the value of -34 + (-7 + -6 - -27) + -26 + -6?
-52
What is the value of 8 + -3 + (5 - 15) - (30 - 42)?
7
What is the value of 35 + -3 + (720 - 795)?
-43
Evaluate 33 - (-65 + 38 - -64 - -24).
-28
What is 5 - -33 - (498 + -467)?
7
What is the value of 6 + -34 - (-652 + 568)?
56
Evaluate -18 - 0 - ((-20 - -16 - 9) + 14).
-19
Calculate 1 + 79 + 8 + -122.
-34
Calculate -3 + -6 + -1 + 1 + 8 - (1 - 116).
114
3 + 25 + (9 - 18 - 90)
-71
64 - 16 - 10 - (-4 + 19)
23
Evaluate -3 - -5 - ((-13 - (13 - 64)) + -5).
-31
Calculate 66 + (0 + -20 + 0 - (-9173 - -9146)).
73
Calculate -2 - ((-8 - -2) + 11).
-7
-1 - (1 - -3 - 15) - (393 + -390)
7
Evaluate -17 + -41 + (-11 - (8 + -29)).
-48
What is 47 + 0 + -47 + 28?
28
What is 4 + (258 - 259 - (3 + 0) - 95)?
-95
(66 - 4 - (-510 + 569)) + (1 - 20)
-16
What is the value of (0 - (6 + -7)) + -16 + (31 - 19) - -41?
38
What is the value of 5471 + -5460 + (2 - (48 + -2))?
-33
Calculate (92 + -1 - -21) + -19 + (-2 - -6).
97
What is (62 - 14) + -26 + -16?
6
What is 61 - (2 + 2) - (19 + 0 + -45 + 35)?
48
Calculate -2 - 33 - (5 + -11 + (37 - 41)).
-25
Calculate -75 - -76 - (1 + 57) - -16.
-41
(-47 - (1 - (-28 - -39))) + -61
-98
What is 1 + 46 + (5 - (16 + -10) - 12)?
34
Evaluate -3 + 2 + (33 + -15 - (1 - -14)).
2
Evaluate 56 + -30 + -48 + -40.
-62
What is the value of -3 + -21 - -4 - (-2 - -9 - 8)?
-19
What is the value of (-64 - -42) + (-34 - -110)?
54
Calculate 7 + (128 - 71) - 107.
-43
Evaluate 7 - 14 - (-19 - 42).
54
Evaluate 26 + 126 + -18 + 14 + -10.
138
What is -43 - (-1 - (13 - (-3 + 23)))?
-49
What is the value of -21 + 26 + (-7 - (32 - 15))?
-19
What is the value of 13 + (8 - (1 + 37 + -3 - (1 - 13)))?
-26
What is (-1 - (3 + 1)) + (5 - 9) + -338 + 310?
-37
What is the value of 19 + -1 + 459 + -496?
-19
What is -58 - (-16 - (-2 + (4 - 1)))?
-41
-60 + -1 + (75 - 70) + (-5 - -1)
-60
Evaluate -109 + 62 - -131 - 187.
-103
What is -20 - (-31 - -11) - -1 - -41?
42
What is 22 + (154 + -140 - (8 - 0)) - (-14 - -2)?
40
Calculate -2 + 8 - (2 - 5) - (357 + -388).
40
What is the value of (14 + -24 - 13) + (0 - (3 - 22))?
-4
-66 + 44 - -4 - -51
33
What is -9 + 0 - ((-9 + 22 - 8) + -34 + -7)?
27
What is -17 - (-117 + -27) - (15 + -3) - 18?
97
What is the value of (19 - 42) + -24 - (3 - ((8 - 20) + 7))?
-55
What is 96 + (1 - 1) + 9 + 4990 + -5011?
84
What is the value of -26 + 7 + 14 + (-5 - -1) + -19?
-28
Calculate (4 - (-9 - 0 - 1)) + -11.
3
What is the value of 113 - 121 - -78 - 156?
-86
What is the value of (6 - 2) + 122 - (5 + -16 + -3 + 15)?
125
Evaluate 166 + (-20 - 1) + 114 + -149.
110
What is -85 - (-53 + 1 - (415 - 447))?
-65
Calculate (-2 - (0 + (-1 - 0))) + 2 - (-3773 + 3743).
31
What is 42 + (-9 - (7 - -8)) - 62 - (1 - 8)?
-37
122 - (-18 - -124) - (21 - -1)
-6
-94 + (4 - -29) + 43
-18
Calculate -5 + 108 - ((-79 - -59) + 44).
79
Evaluate (-5 + -6 - (20 - -13 - 124)) + -8.
72
What is the value of -11 + 13 - (-14 - -2 - (15 - 23)) - 21?
-15
What is 5409 + -5311 + 1 + -126?
-27
What is the value of 73 - 33 - 53 - (7 + 0)?
-20
Evaluate 11 + (29 - 81 - (-1 - -11)) + 4.
-47
Evaluate (-35 + (30 - -3) - -11) + -97.
-88
Evaluate (-17 - 73 - -15) + 71.
-4
-24 - (-2 + 5 - ((-1 - -7 - 14) + 20))
-15
Evaluate (-7 - (-8 + 37)) + -2 + (-20 - -13).
-45
Calculate -31 + 21 - 4 - (6 - -21 - 5).
-36
Evaluate -1 - (-2 + 15 + (20 - 19)).
-15
-10 - (63 - 63 - (-31 - (-5 - -3 - 3)))
-36
Calculate -3919 - -3977 - (3 - 10).
65
Calculate -13 + -21 + (0 - (-34 - 2 - 11)).
13
What is (28 - (-3 + -16) - 23) + -20?
4
What is the value of 51 + (-50 - -31 - -1)?
33
Calculate (-12 - (-37 + -28)) + -8.
45
What is 28 + (22 - 29 - -54) + -2 + 11?
84
Calculate -61 + 79 + 1 + (6 - 2).
23
What is (53 - -28) + (-29 - -25) + (4 - 21)?
60
-51 - (155 + -142 + 2 + 4 + -17)
-53
What is the value of 4 - (-1 - (1 - 6)) - (-99 + 51)?
48
What is the value of -15 + (1 - ((2 - 12) + (-29 - -48))) + 0?
-23
Calculate -36 + 51 + -35 - 4.